{"id":3920,"date":"2021-08-23T09:46:29","date_gmt":"2021-08-23T07:46:29","guid":{"rendered":"https:\/\/lacabanasse.fr\/?post_type=lsvr_listing&#038;p=3920"},"modified":"2021-08-23T10:05:38","modified_gmt":"2021-08-23T08:05:38","slug":"sas-latelier-du-col-de-la-perche","status":"publish","type":"lsvr_listing","link":"https:\/\/lacabanasse.fr\/es\/annuaire\/sas-latelier-du-col-de-la-perche\/","title":{"rendered":"SAS L&#039;ATELIER DU COL DE LA PERCHE"},"content":{"rendered":"<p>Aver\u00eda, remolque<\/p>\n\n\n\n<p>24 horas al d\u00eda, 7 d\u00edas a la semana<\/p>\n\n\n\n<p>Mec\u00e1nica automotriz, carrocer\u00eda, venta de combustibles<\/p>","protected":false},"excerpt":{"rendered":"<p>Reparaci\u00f3n, gr\u00faas 24 horas, 7 d\u00edas a la semana Mec\u00e1nica automotriz, carrocer\u00eda, venta de combustible<\/p>","protected":false},"author":2,"featured_media":3922,"template":"","meta":{"_eb_attr":"","_uag_custom_page_level_css":"","_monsterinsights_skip_tracking":false,"_monsterinsights_sitenote_active":false,"_monsterinsights_sitenote_note":"","_monsterinsights_sitenote_category":0,"footnotes":""},"lsvr_listing_cat":[341],"lsvr_listing_tag":[],"class_list":["post-3920","lsvr_listing","type-lsvr_listing","status-publish","has-post-thumbnail","hentry","lsvr_listing_cat-artisans-entreprises"],"yoast_head":"<!-- This site is optimized with the Yoast SEO plugin v26.2 - https:\/\/yoast.com\/wordpress\/plugins\/seo\/ -->\n<title>SAS L&#039;ATELIER DU COL DE LA PERCHE - Mairie La Cabanasse<\/title>\n<meta name=\"robots\" content=\"index, follow, max-snippet:-1, max-image-preview:large, max-video-preview:-1\" \/>\n<link rel=\"canonical\" href=\"https:\/\/lacabanasse.fr\/es\/annuaire\/sas-latelier-du-col-de-la-perche\/\" \/>\n<meta property=\"og:locale\" content=\"es_ES\" \/>\n<meta property=\"og:type\" content=\"article\" \/>\n<meta property=\"og:title\" content=\"SAS L&#039;ATELIER DU COL DE LA PERCHE - Mairie La Cabanasse\" \/>\n<meta property=\"og:description\" content=\"D\u00e9pannage, remorquage 24h\/24 , 7j\/7 M\u00e9canique automobile, carrosserie, vente de carburants\" \/>\n<meta property=\"og:url\" content=\"https:\/\/lacabanasse.fr\/es\/annuaire\/sas-latelier-du-col-de-la-perche\/\" \/>\n<meta property=\"og:site_name\" content=\"Mairie La Cabanasse\" \/>\n<meta property=\"article:publisher\" content=\"https:\/\/www.facebook.com\/lacabanasse66210\/\" \/>\n<meta property=\"article:modified_time\" content=\"2021-08-23T08:05:38+00:00\" \/>\n<meta property=\"og:image\" content=\"https:\/\/lacabanasse.fr\/wp-content\/uploads\/2021\/08\/Garage-automobile.jpg\" \/>\n\t<meta property=\"og:image:width\" content=\"1280\" \/>\n\t<meta property=\"og:image:height\" content=\"853\" \/>\n\t<meta property=\"og:image:type\" content=\"image\/jpeg\" \/>\n<meta name=\"twitter:card\" content=\"summary_large_image\" \/>\n<meta name=\"twitter:label1\" content=\"Est. reading time\" \/>\n\t<meta name=\"twitter:data1\" content=\"1 minute\" \/>\n<script type=\"application\/ld+json\" class=\"yoast-schema-graph\">{\"@context\":\"https:\/\/schema.org\",\"@graph\":[{\"@type\":\"WebPage\",\"@id\":\"https:\/\/lacabanasse.fr\/annuaire\/sas-latelier-du-col-de-la-perche\/\",\"url\":\"https:\/\/lacabanasse.fr\/annuaire\/sas-latelier-du-col-de-la-perche\/\",\"name\":\"SAS L'ATELIER DU COL DE LA PERCHE - Mairie La Cabanasse\",\"isPartOf\":{\"@id\":\"https:\/\/lacabanasse.fr\/#website\"},\"primaryImageOfPage\":{\"@id\":\"https:\/\/lacabanasse.fr\/annuaire\/sas-latelier-du-col-de-la-perche\/#primaryimage\"},\"image\":{\"@id\":\"https:\/\/lacabanasse.fr\/annuaire\/sas-latelier-du-col-de-la-perche\/#primaryimage\"},\"thumbnailUrl\":\"https:\/\/lacabanasse.fr\/wp-content\/uploads\/2021\/08\/Garage-automobile.jpg\",\"datePublished\":\"2021-08-23T07:46:29+00:00\",\"dateModified\":\"2021-08-23T08:05:38+00:00\",\"breadcrumb\":{\"@id\":\"https:\/\/lacabanasse.fr\/annuaire\/sas-latelier-du-col-de-la-perche\/#breadcrumb\"},\"inLanguage\":\"es-ES\",\"potentialAction\":[{\"@type\":\"ReadAction\",\"target\":[\"https:\/\/lacabanasse.fr\/annuaire\/sas-latelier-du-col-de-la-perche\/\"]}]},{\"@type\":\"ImageObject\",\"inLanguage\":\"es-ES\",\"@id\":\"https:\/\/lacabanasse.fr\/annuaire\/sas-latelier-du-col-de-la-perche\/#primaryimage\",\"url\":\"https:\/\/lacabanasse.fr\/wp-content\/uploads\/2021\/08\/Garage-automobile.jpg\",\"contentUrl\":\"https:\/\/lacabanasse.fr\/wp-content\/uploads\/2021\/08\/Garage-automobile.jpg\",\"width\":1280,\"height\":853},{\"@type\":\"BreadcrumbList\",\"@id\":\"https:\/\/lacabanasse.fr\/annuaire\/sas-latelier-du-col-de-la-perche\/#breadcrumb\",\"itemListElement\":[{\"@type\":\"ListItem\",\"position\":1,\"name\":\"Accueil\",\"item\":\"https:\/\/lacabanasse.fr\/\"},{\"@type\":\"ListItem\",\"position\":2,\"name\":\"Directory\",\"item\":\"https:\/\/lacabanasse.fr\/annuaire\/\"},{\"@type\":\"ListItem\",\"position\":3,\"name\":\"SAS L&rsquo;ATELIER DU COL DE LA PERCHE\"}]},{\"@type\":\"WebSite\",\"@id\":\"https:\/\/lacabanasse.fr\/#website\",\"url\":\"https:\/\/lacabanasse.fr\/\",\"name\":\"Mairie de la Cabanasse\",\"description\":\"Site officiel  de la Mairie de La Cabanasse dans les Pyr\u00e9n\u00e9es Orientales\",\"publisher\":{\"@id\":\"https:\/\/lacabanasse.fr\/#organization\"},\"potentialAction\":[{\"@type\":\"SearchAction\",\"target\":{\"@type\":\"EntryPoint\",\"urlTemplate\":\"https:\/\/lacabanasse.fr\/?s={search_term_string}\"},\"query-input\":{\"@type\":\"PropertyValueSpecification\",\"valueRequired\":true,\"valueName\":\"search_term_string\"}}],\"inLanguage\":\"es-ES\"},{\"@type\":\"Organization\",\"@id\":\"https:\/\/lacabanasse.fr\/#organization\",\"name\":\"Mairie de la Cabanasse\",\"url\":\"https:\/\/lacabanasse.fr\/\",\"logo\":{\"@type\":\"ImageObject\",\"inLanguage\":\"es-ES\",\"@id\":\"https:\/\/lacabanasse.fr\/#\/schema\/logo\/image\/\",\"url\":\"https:\/\/lacabanasse.fr\/wp-content\/uploads\/2021\/03\/cropped-favicon-la-cabanasse.jpg\",\"contentUrl\":\"https:\/\/lacabanasse.fr\/wp-content\/uploads\/2021\/03\/cropped-favicon-la-cabanasse.jpg\",\"width\":512,\"height\":512,\"caption\":\"Mairie de la Cabanasse\"},\"image\":{\"@id\":\"https:\/\/lacabanasse.fr\/#\/schema\/logo\/image\/\"},\"sameAs\":[\"https:\/\/www.facebook.com\/lacabanasse66210\/\"]}]}<\/script>\n<!-- \/ Yoast SEO plugin. -->","yoast_head_json":{"title":"SAS L&#039;ATELIER DU COL DE LA PERCHE - Ayuntamiento de La Cabanasse","robots":{"index":"index","follow":"follow","max-snippet":"max-snippet:-1","max-image-preview":"max-image-preview:large","max-video-preview":"max-video-preview:-1"},"canonical":"https:\/\/lacabanasse.fr\/es\/annuaire\/sas-latelier-du-col-de-la-perche\/","og_locale":"es_ES","og_type":"article","og_title":"SAS L'ATELIER DU COL DE LA PERCHE - Mairie La Cabanasse","og_description":"D\u00e9pannage, remorquage 24h\/24 , 7j\/7 M\u00e9canique automobile, carrosserie, vente de carburants","og_url":"https:\/\/lacabanasse.fr\/es\/annuaire\/sas-latelier-du-col-de-la-perche\/","og_site_name":"Mairie La Cabanasse","article_publisher":"https:\/\/www.facebook.com\/lacabanasse66210\/","article_modified_time":"2021-08-23T08:05:38+00:00","og_image":[{"width":1280,"height":853,"url":"https:\/\/lacabanasse.fr\/wp-content\/uploads\/2021\/08\/Garage-automobile.jpg","type":"image\/jpeg"}],"twitter_card":"summary_large_image","twitter_misc":{"Est. reading time":"1 minute"},"schema":{"@context":"https:\/\/schema.org","@graph":[{"@type":"WebPage","@id":"https:\/\/lacabanasse.fr\/annuaire\/sas-latelier-du-col-de-la-perche\/","url":"https:\/\/lacabanasse.fr\/annuaire\/sas-latelier-du-col-de-la-perche\/","name":"SAS L&#039;ATELIER DU COL DE LA PERCHE - Ayuntamiento de La Cabanasse","isPartOf":{"@id":"https:\/\/lacabanasse.fr\/#website"},"primaryImageOfPage":{"@id":"https:\/\/lacabanasse.fr\/annuaire\/sas-latelier-du-col-de-la-perche\/#primaryimage"},"image":{"@id":"https:\/\/lacabanasse.fr\/annuaire\/sas-latelier-du-col-de-la-perche\/#primaryimage"},"thumbnailUrl":"https:\/\/lacabanasse.fr\/wp-content\/uploads\/2021\/08\/Garage-automobile.jpg","datePublished":"2021-08-23T07:46:29+00:00","dateModified":"2021-08-23T08:05:38+00:00","breadcrumb":{"@id":"https:\/\/lacabanasse.fr\/annuaire\/sas-latelier-du-col-de-la-perche\/#breadcrumb"},"inLanguage":"es-ES","potentialAction":[{"@type":"ReadAction","target":["https:\/\/lacabanasse.fr\/annuaire\/sas-latelier-du-col-de-la-perche\/"]}]},{"@type":"ImageObject","inLanguage":"es-ES","@id":"https:\/\/lacabanasse.fr\/annuaire\/sas-latelier-du-col-de-la-perche\/#primaryimage","url":"https:\/\/lacabanasse.fr\/wp-content\/uploads\/2021\/08\/Garage-automobile.jpg","contentUrl":"https:\/\/lacabanasse.fr\/wp-content\/uploads\/2021\/08\/Garage-automobile.jpg","width":1280,"height":853},{"@type":"BreadcrumbList","@id":"https:\/\/lacabanasse.fr\/annuaire\/sas-latelier-du-col-de-la-perche\/#breadcrumb","itemListElement":[{"@type":"ListItem","position":1,"name":"Accueil","item":"https:\/\/lacabanasse.fr\/"},{"@type":"ListItem","position":2,"name":"Directory","item":"https:\/\/lacabanasse.fr\/annuaire\/"},{"@type":"ListItem","position":3,"name":"SAS L&rsquo;ATELIER DU COL DE LA PERCHE"}]},{"@type":"WebSite","@id":"https:\/\/lacabanasse.fr\/#website","url":"https:\/\/lacabanasse.fr\/","name":"Ayuntamiento de Cabanasse","description":"Sitio web oficial del Ayuntamiento de La Cabanasse en los Pirineos Orientales","publisher":{"@id":"https:\/\/lacabanasse.fr\/#organization"},"potentialAction":[{"@type":"SearchAction","target":{"@type":"EntryPoint","urlTemplate":"https:\/\/lacabanasse.fr\/?s={search_term_string}"},"query-input":{"@type":"PropertyValueSpecification","valueRequired":true,"valueName":"search_term_string"}}],"inLanguage":"es-ES"},{"@type":"Organization","@id":"https:\/\/lacabanasse.fr\/#organization","name":"Ayuntamiento de Cabanasse","url":"https:\/\/lacabanasse.fr\/","logo":{"@type":"ImageObject","inLanguage":"es-ES","@id":"https:\/\/lacabanasse.fr\/#\/schema\/logo\/image\/","url":"https:\/\/lacabanasse.fr\/wp-content\/uploads\/2021\/03\/cropped-favicon-la-cabanasse.jpg","contentUrl":"https:\/\/lacabanasse.fr\/wp-content\/uploads\/2021\/03\/cropped-favicon-la-cabanasse.jpg","width":512,"height":512,"caption":"Mairie de la Cabanasse"},"image":{"@id":"https:\/\/lacabanasse.fr\/#\/schema\/logo\/image\/"},"sameAs":["https:\/\/www.facebook.com\/lacabanasse66210\/"]}]}},"uagb_featured_image_src":{"full":["https:\/\/lacabanasse.fr\/wp-content\/uploads\/2021\/08\/Garage-automobile.jpg",1280,853,false],"thumbnail":["https:\/\/lacabanasse.fr\/wp-content\/uploads\/2021\/08\/Garage-automobile-150x150.jpg",150,150,true],"medium":["https:\/\/lacabanasse.fr\/wp-content\/uploads\/2021\/08\/Garage-automobile-300x200.jpg",300,200,true],"medium_large":["https:\/\/lacabanasse.fr\/wp-content\/uploads\/2021\/08\/Garage-automobile-768x512.jpg",768,512,true],"large":["https:\/\/lacabanasse.fr\/wp-content\/uploads\/2021\/08\/Garage-automobile-1024x682.jpg",1024,682,true],"gs-tiny":["https:\/\/lacabanasse.fr\/wp-content\/uploads\/2021\/08\/Garage-automobile.jpg",50,33,false],"xl":["https:\/\/lacabanasse.fr\/wp-content\/uploads\/2021\/08\/Garage-automobile.jpg",1280,853,false],"xxl":["https:\/\/lacabanasse.fr\/wp-content\/uploads\/2021\/08\/Garage-automobile.jpg",1280,853,false],"xxxl":["https:\/\/lacabanasse.fr\/wp-content\/uploads\/2021\/08\/Garage-automobile.jpg",1280,853,false],"xxxxl":["https:\/\/lacabanasse.fr\/wp-content\/uploads\/2021\/08\/Garage-automobile.jpg",1280,853,false],"xxxxxl":["https:\/\/lacabanasse.fr\/wp-content\/uploads\/2021\/08\/Garage-automobile.jpg",1280,853,false],"1536x1536":["https:\/\/lacabanasse.fr\/wp-content\/uploads\/2021\/08\/Garage-automobile.jpg",1280,853,false],"2048x2048":["https:\/\/lacabanasse.fr\/wp-content\/uploads\/2021\/08\/Garage-automobile.jpg",1280,853,false],"trp-custom-language-flag":["https:\/\/lacabanasse.fr\/wp-content\/uploads\/2021\/08\/Garage-automobile-16x12.jpg",16,12,true],"sow-carousel-default":["https:\/\/lacabanasse.fr\/wp-content\/uploads\/2021\/08\/Garage-automobile-272x182.jpg",272,182,true]},"uagb_author_info":{"display_name":"Amandine","author_link":"https:\/\/lacabanasse.fr\/es\/author\/amandine\/"},"uagb_comment_info":0,"uagb_excerpt":"D\u00e9pannage, remorquage 24h\/24 , 7j\/7 M\u00e9canique automobile, carrosserie, vente de carburants","_links":{"self":[{"href":"https:\/\/lacabanasse.fr\/es\/wp-json\/wp\/v2\/lsvr_listing\/3920","targetHints":{"allow":["GET"]}}],"collection":[{"href":"https:\/\/lacabanasse.fr\/es\/wp-json\/wp\/v2\/lsvr_listing"}],"about":[{"href":"https:\/\/lacabanasse.fr\/es\/wp-json\/wp\/v2\/types\/lsvr_listing"}],"author":[{"embeddable":true,"href":"https:\/\/lacabanasse.fr\/es\/wp-json\/wp\/v2\/users\/2"}],"version-history":[{"count":1,"href":"https:\/\/lacabanasse.fr\/es\/wp-json\/wp\/v2\/lsvr_listing\/3920\/revisions"}],"predecessor-version":[{"id":3921,"href":"https:\/\/lacabanasse.fr\/es\/wp-json\/wp\/v2\/lsvr_listing\/3920\/revisions\/3921"}],"wp:featuredmedia":[{"embeddable":true,"href":"https:\/\/lacabanasse.fr\/es\/wp-json\/wp\/v2\/media\/3922"}],"wp:attachment":[{"href":"https:\/\/lacabanasse.fr\/es\/wp-json\/wp\/v2\/media?parent=3920"}],"wp:term":[{"taxonomy":"lsvr_listing_cat","embeddable":true,"href":"https:\/\/lacabanasse.fr\/es\/wp-json\/wp\/v2\/lsvr_listing_cat?post=3920"},{"taxonomy":"lsvr_listing_tag","embeddable":true,"href":"https:\/\/lacabanasse.fr\/es\/wp-json\/wp\/v2\/lsvr_listing_tag?post=3920"}],"curies":[{"name":"gracias","href":"https:\/\/api.w.org\/{rel}","templated":true}]}}

<p>Avería, remolque</p>



<p>24 horas al día, 7 días a la semana</p>



<p>Mecánica automotriz, carrocería, venta de combustibles</p>

<p>Reparación, grúas 24 horas, 7 días a la semana Mecánica automotriz, carrocería, venta de combustible</p>

<!-- This site is optimized with the Yoast SEO plugin v26.2 - https://yoast.com/wordpress/plugins/seo/ -->
<title>SAS L&#039;ATELIER DU COL DE LA PERCHE - Mairie La Cabanasse</title>
<meta name="robots" content="index, follow, max-snippet:-1, max-image-preview:large, max-video-preview:-1" />
<link rel="canonical" href="https://lacabanasse.fr/es/annuaire/sas-latelier-du-col-de-la-perche/" />
<meta property="og:locale" content="es_ES" />
<meta property="og:type" content="article" />
<meta property="og:title" content="SAS L&#039;ATELIER DU COL DE LA PERCHE - Mairie La Cabanasse" />
<meta property="og:description" content="Dépannage, remorquage 24h/24 , 7j/7 Mécanique automobile, carrosserie, vente de carburants" />
<meta property="og:url" content="https://lacabanasse.fr/es/annuaire/sas-latelier-du-col-de-la-perche/" />
<meta property="og:site_name" content="Mairie La Cabanasse" />
<meta property="article:publisher" content="https://www.facebook.com/lacabanasse66210/" />
<meta property="article:modified_time" content="2021-08-23T08:05:38+00:00" />
<meta property="og:image" content="https://lacabanasse.fr/wp-content/uploads/2021/08/Garage-automobile.jpg" />
	<meta property="og:image:width" content="1280" />
	<meta property="og:image:height" content="853" />
	<meta property="og:image:type" content="image/jpeg" />
<meta name="twitter:card" content="summary_large_image" />
<meta name="twitter:label1" content="Est. reading time" />
	<meta name="twitter:data1" content="1 minute" />
<script type="application/ld+json" class="yoast-schema-graph">{"@context":"https://schema.org","@graph":[{"@type":"WebPage","@id":"https://lacabanasse.fr/annuaire/sas-latelier-du-col-de-la-perche/","url":"https://lacabanasse.fr/annuaire/sas-latelier-du-col-de-la-perche/","name":"SAS L'ATELIER DU COL DE LA PERCHE - Mairie La Cabanasse","isPartOf":{"@id":"https://lacabanasse.fr/#website"},"primaryImageOfPage":{"@id":"https://lacabanasse.fr/annuaire/sas-latelier-du-col-de-la-perche/#primaryimage"},"image":{"@id":"https://lacabanasse.fr/annuaire/sas-latelier-du-col-de-la-perche/#primaryimage"},"thumbnailUrl":"https://lacabanasse.fr/wp-content/uploads/2021/08/Garage-automobile.jpg","datePublished":"2021-08-23T07:46:29+00:00","dateModified":"2021-08-23T08:05:38+00:00","breadcrumb":{"@id":"https://lacabanasse.fr/annuaire/sas-latelier-du-col-de-la-perche/#breadcrumb"},"inLanguage":"es-ES","potentialAction":[{"@type":"ReadAction","target":["https://lacabanasse.fr/annuaire/sas-latelier-du-col-de-la-perche/"]}]},{"@type":"ImageObject","inLanguage":"es-ES","@id":"https://lacabanasse.fr/annuaire/sas-latelier-du-col-de-la-perche/#primaryimage","url":"https://lacabanasse.fr/wp-content/uploads/2021/08/Garage-automobile.jpg","contentUrl":"https://lacabanasse.fr/wp-content/uploads/2021/08/Garage-automobile.jpg","width":1280,"height":853},{"@type":"BreadcrumbList","@id":"https://lacabanasse.fr/annuaire/sas-latelier-du-col-de-la-perche/#breadcrumb","itemListElement":[{"@type":"ListItem","position":1,"name":"Accueil","item":"https://lacabanasse.fr/"},{"@type":"ListItem","position":2,"name":"Directory","item":"https://lacabanasse.fr/annuaire/"},{"@type":"ListItem","position":3,"name":"SAS L&rsquo;ATELIER DU COL DE LA PERCHE"}]},{"@type":"WebSite","@id":"https://lacabanasse.fr/#website","url":"https://lacabanasse.fr/","name":"Mairie de la Cabanasse","description":"Site officiel  de la Mairie de La Cabanasse dans les Pyrénées Orientales","publisher":{"@id":"https://lacabanasse.fr/#organization"},"potentialAction":[{"@type":"SearchAction","target":{"@type":"EntryPoint","urlTemplate":"https://lacabanasse.fr/?s={search_term_string}"},"query-input":{"@type":"PropertyValueSpecification","valueRequired":true,"valueName":"search_term_string"}}],"inLanguage":"es-ES"},{"@type":"Organization","@id":"https://lacabanasse.fr/#organization","name":"Mairie de la Cabanasse","url":"https://lacabanasse.fr/","logo":{"@type":"ImageObject","inLanguage":"es-ES","@id":"https://lacabanasse.fr/#/schema/logo/image/","url":"https://lacabanasse.fr/wp-content/uploads/2021/03/cropped-favicon-la-cabanasse.jpg","contentUrl":"https://lacabanasse.fr/wp-content/uploads/2021/03/cropped-favicon-la-cabanasse.jpg","width":512,"height":512,"caption":"Mairie de la Cabanasse"},"image":{"@id":"https://lacabanasse.fr/#/schema/logo/image/"},"sameAs":["https://www.facebook.com/lacabanasse66210/"]}]}</script>
<!-- / Yoast SEO plugin. -->

Dépannage, remorquage 24h/24 , 7j/7 Mécanique automobile, carrosserie, vente de carburants
